mmon divisor of r and z.
40
Let i(f) = f**2 + 22. Let y be i(9). Let j = y + 51. What is the greatest common divisor of j and 14?
14
Suppose 0 = 5*k - 5*h - 95, -2*h - 66 = -17*k + 13*k. Suppose 2*g = 2*f - 178, 0*f + 2*f = g + 173. Calculate the highest common factor of f and k.
14
Suppose -3*h + 13 = -w, -30*w = -26*w + 3*h - 23. Let p(a) = a**3 + 6*a**2 - a. Let c be p(-6). What is the greatest common factor of w and c?
2
Suppose 14*k - 16*k = -18. Let c = k - -9. What is the greatest common divisor of 6 and c?
6
Let g = -2624 + 2640. Suppose 6*f - 3*f + j = 69, -4*f = 3*j - 87. Calculate the highest common divisor of g and f.
8
Let l = -11 + 15. Suppose 3*c - 2*n = l, 3*n - 25 = 5*c + 6*n. Let r = 8 - c. What is the highest common factor of 80 and r?
10
Let o be (-2 - (-24)/10) + (-44)/10. Let b be 81/5 + -1 + o/(-5). What is the highest common divisor of 24 and b?
8
Let c be 1284/9 - 3/(-9). Let l = 20 - 2. Let f be (-1 - 38)*(-6)/l. What is the greatest common factor of c and f?
13
Let f = 647 + -367. Calculate the greatest common divisor of 56 and f.
56
Let w = 241 - 201. What is the highest common factor of 32 and w?
8
Let z(d) = -d**3 - 6*d**2 + 18*d + 51. Let t be z(-8). Calculate the greatest common divisor of t and 175.
35
Let b be (-18)/(-2) + 1*2. Suppose -3*j - 730 = -5*y, 0*y - 567 = -4*y - j. Suppose -5*u + y = -77. Calculate the highest common factor of u and b.
11
Let b be ((-26)/(-6))/(-10 + (-217)/(-21)). What is the greatest common factor of b and 377?
13
Suppose -9*u = -15*u. Suppose u = 4*k + 2*m - 74, 9 = k - m - 8. Calculate the greatest common divisor of k and 126.
18
Let b(r) = -68*r - 684. Let z be b(-19). What is the greatest common divisor of z and 96?
32
Let y = 59 - -1. Suppose 3*i + 21 = 99. Suppose 0 = -2*u + i - 2. What is the highest common divisor of y and u?
12
Let x = 22 - 32. Let b = -11 - x. Let v(m) = 11*m**2 - m. Let o be v(b). What is the highest common divisor of 3 and o?
3
Suppose -23*i + 1632 + 2508 = 0. Calculate the greatest common factor of 45 and i.
45
Let u(v) = -v**3 - 8*v**2 + 79*v - 25. Let f be u(-14). Calculate the highest common factor of 63 and f.
9
Suppose -3*q - q = -4*g - 4, 3*q - 2*g = 4. Suppose q*i - 10 = i. Calculate the highest common divisor of i and 1.
1
Suppose -3*p + 2*p = -2*y + 99, -4*p + 63 = y. Calculate the greatest common divisor of 68 and y.
17
Suppose 4*r + 2*r = 186. Calculate the greatest common factor of r and 527.
31
Let r = -278 - -342. Calculate the greatest common factor of r and 128.
64
Suppose 4*s + 6 = w + 2*w, 0 = -4*s - 4*w + 8. Suppose -4*h + 68 - 24 = s. Calculate the highest common factor of h and 33.
11
Let l = -374 - -1590. Suppose -6*u + 14*u - l = 0. What is the highest common divisor of 19 and u?
19
Let j be 102*4*4/12. What is the highest common divisor of j and 51?
17
Let i(n) = 12*n**2 + n. Let a be i(1). Let w(v) = a*v + 2 - 140*v - 3. Let q be w(-1). Calculate the highest common factor of 14 and q.
14
Let y = -18 + 20. Suppose -7 + 51 = y*n. Suppose -i + 43 = -1. What is the greatest common factor of n and i?
22
Let w = 218 + -164. What is the highest common divisor of 6 and w?
6
Let z(h) = 3*h**2 - 2*h. Suppose 4*y - 16 - 11 = -5*l, -2*y - 9 = -5*l. Let n be z(l). Calculate the greatest common divisor of n and 168.
21
Suppose 2*q + 30 + 74 = 4*o, 4*q = o - 33. Let y = -21 + o. Calculate the highest common factor of 6 and y.
2
Let y(w) = -51*w + 17. Let k be y(-1). What is the greatest common factor of k and 8?
4
Let b = 6 - 2. Suppose 3*t + 2*t - 5*w = 0, -b*t - 4*w = -16. Suppose t*l - 6 - 2 = 0. What is the greatest common factor of l and 8?
4
Suppose 14*w - 150 - 74 = 0. What is the greatest common factor of 616 and w?
8
Suppose 0 = -4*m + 67 - 11. Let h be (-99)/(-66) + (2 + -2 - 106/(-4)). Calculate the highest common factor of m and h.
14
Let t(s) = s**3 - 15*s**2 + 32*s - 1. Let z be t(13). Let f(n) = -n + 12. Let b be f(5). What is the highest common factor of z and b?
7
Let a be -1 - (1 + 2) - 1. Let t be (-8)/4*a/2. Suppose t*y - 29 = -9. Calculate the greatest common divisor of 8 and y.
4
Suppose -163 - 381 = -2*b. Suppose -c + b = 3*c. Let h = -395 + 429. Calculate the greatest common factor of h and c.
34
Suppose -5 = 97*z - 98*z. Suppose z*d - 3*h = h + 122, 56 = 2*d - 4*h. Suppose -2*p - 6 = -50. Calculate the highest common factor of p and d.
22
Let a(p) = 42*p - 144. Let f be a(26). What is the greatest common divisor of 12 and f?
12
Let s = 293 + -273. Calculate the greatest common factor of 130 and s.
10
Suppose 4*u + 9*u - 9815 = 0. What is the greatest common factor of u and 5?
5
Let j(w) = 1 + 1 - w**2 - 3*w - 5*w. Let r = 7 + -13. Let c be j(r). Calculate the highest common divisor of c and 56.
14
Let o(x) = -x**2 - 16*x - 50. Let n = -32 - -24. Let c be o(n). Calculate the highest common factor of 14 and c.
14
Let b(i) = -37*i - 8. Let z be b(-5). Suppose -4*t + 182 = -3*m - 59, -3*t + m = -z. What is the greatest common divisor of t and 145?
29
Suppose 5*r - 14*r - 40986 = 0. Let q be 1/4 + r/(-24). Calculate the highest common divisor of q and 10.
10
Suppose 0 = 5*d - 55 - 70. Let n = 65 + d. Calculate the highest common divisor of 10 and n.
10
Suppose 0*g = -4*g + 8. Suppose -w = 5*b - 8, -g*b = w + b - 14. What is the greatest common divisor of w and 23?
23
Suppose 15*c = 10*c. Suppose c*q - 176 = -2*q. Suppose -2*w - 5*f - 5 = -27, w - 11 = -4*f. What is the highest common divisor of w and q?
11
Suppose -564 = -5*t + 711. Suppose -31*w = -26*w - t. Suppose -48 = -5*d + 37. What is the highest common divisor of d and w?
17
Let w be (-8)/(-2) - (2 - 4). Suppose -g - 4*c = 11, 3*g - c + 0 - w = 0. Let o be (19 - g)/((-21)/(-14)). Calculate the greatest common factor of 12 and o.
12
Let u = 246 + -229. What is the greatest common divisor of 918 and u?
17
Suppose -20*z + 24*z = 8. Suppose 32 = z*o - o. Calculate the highest common divisor of 48 and o.
16
Let g(c) = c**2 + 11*c + 6. Let u be g(-9). Let i be (9/u)/(9/(-48)). What is the highest common factor of 28 and i?
4
Let i be (-2190)/(-135) - (-2)/(-9). Let u = 21 - i. Let q(f) = f**3 - 2*f - 7. Let v be q(u). Calculate the greatest common divisor of v and 12.
12
Let d = 11 - 11. Suppose 0 = -4*x + 8, -4*b + d*b - 4*x + 20 = 0. Let q(t) = 4*t**2 - 2*t - 4. Let k be q(b). What is the highest common factor of 65 and k?
13
Let w(d) = -2*d**3 - 11*d**2 + 12*d - 31. Let y be w(-7). Calculate the greatest common factor of 736 and y.
32
Let t = 412 - 388. What is the highest common divisor of t and 57?
3
Let l = 27 + -22. Suppose l*q = 6*q. Suppose 4*u - 2 - 10 = q. What is the highest common divisor of 27 and u?
3
Suppose 0 = 2*n - 10*n + 40. Let h be 363/15 + (-1)/n. Calculate the highest common factor of h and 16.
8
Suppose -w = 5*s + 47, -5*w - 3*s - 128 = 151. Let o be 2 + w*4/(-6). Suppose -160 = 965*c - 975*c. What is the highest common divisor of o and c?
8
Let v(a) = a**2 - 39*a + 43. Let m be v(41). Calculate the highest common factor of m and 50.
25
Suppose 10301 + 1555 = 39*d. Calculate the highest common factor of 48 and d.
16
Let f = 248 + -228. Let o = 3 - -1. What is the highest common factor of f and o?
4
Suppose 11*f - 12*f = -254. Calculate the highest common factor of f and 2.
2
Let m = -264 - -330. Calculate the greatest common factor of m and 24.
6
Let l = -30 - -94. Let j be (-6)/(-27) + l/36. What is the highest common divisor of 4 and j?
2
Suppose 0 = -114*z + 111*z + 750. Calculate the highest common factor of 20 and z.
10
Let s be (-6)/(-3)*(5 - 10). Let m = s - -17. Let f(q) = 2*q**2 - 10*q - 2. Let h be f(m). What is the greatest common factor of h and 286?
26
Let w(i) = i**3 + 12*i**2 - 15*i - 18. Let q be w(-13). Let y(n) = 8*n - 24. Let z be y(q). What is the greatest common factor of z and 16?
8
Suppose -3*q - 75 = 2*q. Let c = 13 + q. Let g(r) = 4*r**2 - r + 1. Let x be g(c). What is the highest common factor of x and 171?
19
Let p be 3*-7*14/(-3). Suppose -5*o - 12 = -27. Suppose 4*q + 5*b = 61, -o*q = q - 4*b - 52. What is the greatest common divisor of q and p?
14
Let h be 3/(-15) + 70/(-25). Let j be (-6 - -4)/(2/h). What is the greatest common factor of j and 15?
3
Suppose -99*o + 1925 = -22*o. Suppose 3*r - 447 = 225. Let k 